{"id":138,"date":"2019-10-27T13:16:24","date_gmt":"2019-10-27T13:16:24","guid":{"rendered":"http:\/\/hilab.di.ionio.gr\/smap2020\/?page_id=138"},"modified":"2024-07-01T13:27:32","modified_gmt":"2024-07-01T13:27:32","slug":"committees","status":"publish","type":"page","link":"https:\/\/smap2024.athenarc.gr\/index.php\/conference\/committees\/","title":{"rendered":"Committees"},"content":{"rendered":"\n<p><strong>Conference General Chair:<\/strong><\/p>\n\n\n\n<ul class=\"wp-block-list\">\n<li>Christos Troussas, University of West Attica<\/li>\n<\/ul>\n\n\n\n<p><strong>Conference Treasurer:<\/strong><\/p>\n\n\n\n<ul class=\"wp-block-list\">\n<li>Anna Sotiropoulou, Ionian University<\/li>\n<\/ul>\n\n\n\n<p><strong>Assistant Conference Treasurer:<\/strong><\/p>\n\n\n\n<ul class=\"wp-block-list\">\n<li>Manolis Maragoudakis, Ionian University<\/li>\n<\/ul>\n\n\n\n<p><strong>Technical Program Chairs:<\/strong><\/p>\n\n\n\n<ul class=\"wp-block-list\">\n<li>Phivos Mylonas, University of West Attica<\/li>\n\n\n\n<li>George Caridakis, University of the Aegean<\/li>\n\n\n\n<li>Ioannis Anagnostopoulos, University of Thessaly<\/li>\n\n\n\n<li>Periklis Andritsos, University of West Attica<\/li>\n<\/ul>\n\n\n\n<p><strong>Publication Chair:<\/strong><\/p>\n\n\n\n<ul class=\"wp-block-list\">\n<li>Akrivi Krouska, University of West Attica <\/li>\n<\/ul>\n\n\n\n<p><strong>Special Session Chair:<\/strong><\/p>\n\n\n\n<ul class=\"wp-block-list\">\n<li>Themis Exarchos, Ionian University<\/li>\n<\/ul>\n\n\n\n<p><strong>Publicity Chair:<\/strong><\/p>\n\n\n\n<ul class=\"wp-block-list\">\n<li>Martin Lopez-Nores, University of Vigo<\/li>\n<\/ul>\n\n\n\n<hr class=\"wp-block-separator has-css-opacity\"\/>\n\n\n\n<p><strong>Organizing Committee:<\/strong><\/p>\n\n\n\n<ul class=\"wp-block-list\">\n<li>Phivos Mylonas, University of West Attica<\/li>\n\n\n\n<li>Christos Troussas, University of West Attica<\/li>\n\n\n\n<li>Akrivi Krouska, University of West Attica<\/li>\n\n\n\n<li>Yorghos Voutos, University of West Attica<\/li>\n\n\n\n<li>Eirini Mathe, Ionian University<\/li>\n\n\n\n<li>Giovanni Acampora, University of Naples Federico <\/li>\n\n\n\n<li>Marek Reformat, University of Alberta<\/li>\n\n\n\n<li>Trevor Martin, University of Bristol<\/li>\n\n\n\n<li>Keeley Crocket,&nbsp;Manchester Metropolitan University<\/li>\n<\/ul>\n\n\n\n<p><strong>Steering Committee:<\/strong><\/p>\n\n\n\n<ul class=\"wp-block-list\">\n<li>Ioannis Anagnostopoulos, University of Thessaly<\/li>\n\n\n\n<li>Maria Bielikova, Kempelen Institute of Intelligent Technologies<\/li>\n\n\n\n<li>S\u00e9bastien Laborie, University of Pau \/ IUT de Bayonne \u2013 Pays Basque<\/li>\n\n\n\n<li>Martin Lopez-Nores, University of Vigo<\/li>\n\n\n\n<li>Phivos Mylonas, University of West Attica<\/li>\n\n\n\n<li>Yannick Naudet, Luxembourg Institute of Science and Technology<\/li>\n\n\n\n<li>Petr Saloun, FEI VSB-Technical University Ostrava<\/li>\n\n\n\n<li>Nicolas Tsapatsoulis, Cyprus University of Technology<\/li>\n\n\n\n<li>Manolis Wallace, University of Peloponnese<\/li>\n<\/ul>\n\n\n\n<hr class=\"wp-block-separator has-css-opacity\"\/>\n\n\n\n<p><strong>Programme Committee:<\/strong> <\/p>\n\n\n\n<div class=\"wp-block-columns is-layout-flex wp-container-core-columns-is-layout-9d6595d7 wp-block-columns-is-layout-flex\">\n<div class=\"wp-block-column is-layout-flow wp-block-column-is-layout-flow\"><\/div>\n<\/div>\n\n\n<table  class=\" table table-hover\" width=\"713\">\n<tbody>\n<tr>\n<td width=\"73\">Harry<\/td>\n<td width=\"116\">Agius<\/td>\n<td width=\"524\">Brunel University<\/td>\n<\/tr>\n<tr>\n<td width=\"73\">Panos<\/td>\n<td width=\"116\">Alexopoulos<\/td>\n<td width=\"524\">Textkernel B.V.<\/td>\n<\/tr>\n<tr>\n<td width=\"73\">Adel<\/td>\n<td width=\"116\">Alti<\/td>\n<td width=\"524\">University of Setif &#8211; Algeria<\/td>\n<\/tr>\n<tr>\n<td width=\"73\">Ioannis<\/td>\n<td width=\"116\">Anagnostopoulos<\/td>\n<td width=\"524\">University of Thessaly<\/td>\n<\/tr>\n<tr>\n<td width=\"73\">Maria<\/td>\n<td width=\"116\">Bielikova<\/td>\n<td width=\"524\">Kempelen Institute of Intelligent Technologies<\/td>\n<\/tr>\n<tr>\n<td width=\"73\">Fernando<\/td>\n<td width=\"116\">Bobillo<\/td>\n<td width=\"524\">University of Zaragoza<\/td>\n<\/tr>\n<tr>\n<td width=\"73\">George<\/td>\n<td width=\"116\">Caridakis<\/td>\n<td width=\"524\">University of the Aegean<\/td>\n<\/tr>\n<tr>\n<td width=\"73\">Georgios<\/td>\n<td width=\"116\">Drakopoulos<\/td>\n<td width=\"524\">Ionian University<\/td>\n<\/tr>\n<tr>\n<td width=\"73\">Antonio<\/td>\n<td width=\"116\">Fari\u00f1a<\/td>\n<td width=\"524\">University of A Coru\u00f1a<\/td>\n<\/tr>\n<tr>\n<td width=\"73\">Ramon<\/td>\n<td width=\"116\">Hermoso<\/td>\n<td width=\"524\">University of Zaragoza<\/td>\n<\/tr>\n<tr>\n<td width=\"73\">Tomas<\/td>\n<td width=\"116\">Horvath<\/td>\n<td width=\"524\">E\u00f6tv\u00f6s Lor\u00e1nd University<\/td>\n<\/tr>\n<tr>\n<td width=\"73\">Sergio<\/td>\n<td width=\"116\">Ilarri<\/td>\n<td width=\"524\">University of Zaragoza<\/td>\n<\/tr>\n<tr>\n<td width=\"73\">Christos<\/td>\n<td width=\"116\">Kalloniatis<\/td>\n<td width=\"524\">Department of Cultural Technology and Communication-University of the Aegean<\/td>\n<\/tr>\n<tr>\n<td width=\"73\">Andreas<\/td>\n<td width=\"116\">Kanavos<\/td>\n<td width=\"524\">Ionian University<\/td>\n<\/tr>\n<tr>\n<td width=\"73\">Ioannis<\/td>\n<td width=\"116\">Karydis<\/td>\n<td width=\"524\">Department of Informatics, Ionian University, Greece<\/td>\n<\/tr>\n<tr>\n<td width=\"73\">Theodoros<\/td>\n<td width=\"116\">Kotsilieris<\/td>\n<td width=\"524\">University of the Peloponnese<\/td>\n<\/tr>\n<tr>\n<td width=\"73\">S\u00e9bastien<\/td>\n<td width=\"116\">Laborie<\/td>\n<td width=\"524\">T2i &#8211; LIUPPA &#8211; Universit\u00e9 de Pau et des Pays de l&#8217;Adour<\/td>\n<\/tr>\n<tr>\n<td width=\"73\">Martin<\/td>\n<td width=\"116\">Lopez-Nores<\/td>\n<td width=\"524\">University of Vigo<\/td>\n<\/tr>\n<tr>\n<td width=\"73\">Ioanna<\/td>\n<td width=\"116\">Lykourentzou<\/td>\n<td width=\"524\">Utrecht University<\/td>\n<\/tr>\n<tr>\n<td width=\"73\">Ilias<\/td>\n<td width=\"116\">Maglogiannis<\/td>\n<td width=\"524\">University of Piraeus<\/td>\n<\/tr>\n<tr>\n<td width=\"73\">Vasileios<\/td>\n<td width=\"116\">Mezaris<\/td>\n<td width=\"524\">Information Technologies Institute \/ Centre for Research and Technology Hellas<\/td>\n<\/tr>\n<tr>\n<td width=\"73\">Phivos<\/td>\n<td width=\"116\">Mylonas<\/td>\n<td width=\"524\">University of West Attica<\/td>\n<\/tr>\n<tr>\n<td width=\"73\">Yannick<\/td>\n<td width=\"116\">Naudet<\/td>\n<td width=\"524\">Luxembourg Institute of Science and Technology (LIST)<\/td>\n<\/tr>\n<tr>\n<td width=\"73\">Stergios<\/td>\n<td width=\"116\">Palamas<\/td>\n<td width=\"524\">Ionian University<\/td>\n<\/tr>\n<tr>\n<td width=\"73\">Iraklis<\/td>\n<td width=\"116\">Paraskakis<\/td>\n<td width=\"524\">SEERC &#8211; South East European Reserach Centre<\/td>\n<\/tr>\n<tr>\n<td width=\"73\">Laura<\/td>\n<td width=\"116\">Po<\/td>\n<td width=\"524\">Universit\u00e1 di Modena e Reggio Emilia<\/td>\n<\/tr>\n<tr>\n<td width=\"73\">Philippe<\/td>\n<td width=\"116\">Roose<\/td>\n<td width=\"524\">LIUPPA\/UPPA<\/td>\n<\/tr>\n<tr>\n<td width=\"73\">Petr<\/td>\n<td width=\"116\">Saloun<\/td>\n<td width=\"524\">Palacky University Olomouc, Czech Republic<\/td>\n<\/tr>\n<tr>\n<td width=\"73\">Florence<\/td>\n<td width=\"116\">Sedes<\/td>\n<td width=\"524\">Universit\u00e9 Toulouse III Paul Sabatier<\/td>\n<\/tr>\n<tr>\n<td width=\"73\">Jakub<\/td>\n<td width=\"116\">Simko<\/td>\n<td width=\"524\">Kempelen Institute of Intelligent Technologies<\/td>\n<\/tr>\n<tr>\n<td width=\"73\">Anna<\/td>\n<td width=\"116\">Sotiropoulou<\/td>\n<td width=\"524\">Dept. of Informatics, Ionian University<\/td>\n<\/tr>\n<tr>\n<td width=\"73\">Evaggelos<\/td>\n<td width=\"116\">Spyrou<\/td>\n<td width=\"524\">University of Thessaly<\/td>\n<\/tr>\n<tr>\n<td width=\"73\">Petros<\/td>\n<td width=\"116\">Stefaneas<\/td>\n<td width=\"524\">National Technical University of Athens<\/td>\n<\/tr>\n<tr>\n<td width=\"73\">Michalis<\/td>\n<td width=\"116\">Stefanidakis<\/td>\n<td width=\"524\">Ionian University<\/td>\n<\/tr>\n<tr>\n<td width=\"73\">Raquel<\/td>\n<td width=\"116\">Trillo-Lado<\/td>\n<td width=\"524\">Universidad de Zaragoza<\/td>\n<\/tr>\n<tr>\n<td width=\"73\">Nicolas<\/td>\n<td width=\"116\">Tsapatsoulis<\/td>\n<td width=\"524\">Cyprus University of Technology<\/td>\n<\/tr>\n<tr>\n<td width=\"73\">Andreas<\/td>\n<td width=\"116\">Veglis<\/td>\n<td width=\"524\">Aristotle University of Thessaloniki <\/td>\n<\/tr>\n<tr>\n<td width=\"73\">Panagiotis<\/td>\n<td width=\"116\">Vlamos<\/td>\n<td width=\"524\">Ionian University, Department of Informatics<\/td>\n<\/tr>\n<tr>\n<td width=\"73\">Gerasimos<\/td>\n<td width=\"116\">Vonitsanos<\/td>\n<td width=\"524\">University of Patras<\/td>\n<\/tr>\n<tr>\n<td width=\"73\">Yorghos<\/td>\n<td width=\"116\">Voutos<\/td>\n<td width=\"524\">University of West Attica &#8211; Department of Information and Computer Engineering<\/td>\n<\/tr>\n<tr>\n<td width=\"73\">Stefanos<\/td>\n<td width=\"116\">Vrochidis<\/td>\n<td width=\"524\">Information Technologies Institute<\/td>\n<\/tr>\n<tr>\n<td width=\"73\">Manolis<\/td>\n<td width=\"116\">Wallace<\/td>\n<td width=\"524\">\u0393\u0391\u0392 LAB &#8211; Knowledge and Uncertainty Research Laboratory<\/td>\n<\/tr>\n<\/tbody>\n<\/table>","protected":false},"excerpt":{"rendered":"<p>Conference General Chair: Conference Treasurer: Assistant Conference Treasurer: Technical Program Chairs: Publication Chair: Special Session Chair: Publicity Chair: Organizing Committee: &hellip; <a href=\"https:\/\/smap2024.athenarc.gr\/index.php\/conference\/committees\/\" class=\"more-link\">Continue reading <span class=\"screen-reader-text\">Committees<\/span><\/a><\/p>\n","protected":false},"author":1,"featured_media":0,"parent":53,"menu_order":1,"comment_status":"closed","ping_status":"closed","template":"","meta":{"inline_featured_image":false,"_monsterinsights_skip_tracking":false,"_monsterinsights_sitenote_active":false,"_monsterinsights_sitenote_note":"","_monsterinsights_sitenote_category":0,"footnotes":""},"class_list":["post-138","page","type-page","status-publish","hentry"],"_links":{"self":[{"href":"https:\/\/smap2024.athenarc.gr\/index.php\/wp-json\/wp\/v2\/pages\/138","targetHints":{"allow":["GET"]}}],"collection":[{"href":"https:\/\/smap2024.athenarc.gr\/index.php\/wp-json\/wp\/v2\/pages"}],"about":[{"href":"https:\/\/smap2024.athenarc.gr\/index.php\/wp-json\/wp\/v2\/types\/page"}],"author":[{"embeddable":true,"href":"https:\/\/smap2024.athenarc.gr\/index.php\/wp-json\/wp\/v2\/users\/1"}],"replies":[{"embeddable":true,"href":"https:\/\/smap2024.athenarc.gr\/index.php\/wp-json\/wp\/v2\/comments?post=138"}],"version-history":[{"count":61,"href":"https:\/\/smap2024.athenarc.gr\/index.php\/wp-json\/wp\/v2\/pages\/138\/revisions"}],"predecessor-version":[{"id":2069,"href":"https:\/\/smap2024.athenarc.gr\/index.php\/wp-json\/wp\/v2\/pages\/138\/revisions\/2069"}],"up":[{"embeddable":true,"href":"https:\/\/smap2024.athenarc.gr\/index.php\/wp-json\/wp\/v2\/pages\/53"}],"wp:attachment":[{"href":"https:\/\/smap2024.athenarc.gr\/index.php\/wp-json\/wp\/v2\/media?parent=138"}],"curies":[{"name":"wp","href":"https:\/\/api.w.org\/{rel}","templated":true}]}}